st common factor of c and k?
4
Suppose 0*t - 3*t + u + 24 = 0, 5*t + 2*u - 51 = 0. Let b = 340 + -320. Suppose -b*i = -39*i + 171. Calculate the greatest common divisor of t and i.
9
Let z(u) = -7*u - 164. Let d be z(-30). Let c(v) = -v**2 + 46*v - 19. Let r be c(25). Calculate the greatest common divisor of r and d.
46
Suppose -84 = 4*a - 4*q, 2*a + 38 = 27*q - 29*q. Let t(b) = -13 + 0*b + 5 + b + 43. Let o be t(a). What is the greatest common factor of o and 105?
15
Suppose -4*x + 14*m + 7410 = 13*m, 2*x - 3714 = -m. Calculate the highest common factor of x and 1442.
206
Let q(m) = 936*m + 7616. Let i be q(-8). What is the greatest common divisor of i and 66?
2
Let y be (-8200)/(-8) - -6 - (-3)/(-1). Let g = 1108 - y. What is the greatest common factor of 4 and g?
4
Suppose -6*l = -1498 - 308. Let i = l - 283. What is the highest common factor of 774 and i?
18
Let g be 2/7 + -5 + 188/28. Suppose -g*p - 533 = -557. Suppose 0 = -2*s + 4*s - 168. Calculate the greatest common factor of s and p.
12
Let n = 485 - 481. Calculate the highest common divisor of 388 and n.
4
Suppose 50*j = 18*j - 32. Let z(g) = -417*g**3 - g**2 - 5*g - 5. Let k be z(j). Calculate the greatest common divisor of 52 and k.
52
Let p(m) = -3*m**3 - 9*m**2 - 8*m + 2. Let n be p(-5). Suppose 0 = -4*x - x - 4*f + n, -135 = -4*x + 3*f. Calculate the highest common divisor of x and 180.
36
Suppose -2*f + 5*v - 47 = 0, -2*f - 5*v + 4*v - 29 = 0. Let u = -11 - f. Suppose 3*t = u*t - 204. What is the highest common divisor of t and 68?
34
Let r be (12/(-27))/((-32)/2448). Let f(m) = -m**2 + 11*m - 16. Suppose 6*j + 9 = 63. Let u be f(j). What is the highest common factor of r and u?
2
Let v = 8561 - 8553. What is the greatest common divisor of v and 234?
2
Let p = -38 - 157. Let k = -183 - p. Suppose -492 = -4*z + 276. What is the highest common divisor of z and k?
12
Let v be (11*(-2)/(-22))/((-1)/(-3)). Let g be ((-10)/v)/(23/(-207)). Calculate the highest common divisor of g and 70.
10
Let r(f) = 12*f**2 + 480*f + 16. Let w be r(-46). Calculate the greatest common factor of w and 26.
26
Let c be (-24)/(-32) + (-583)/4. Let d = c - -123. Let j be (-627)/(-6) - 2 - (-11)/d. Calculate the highest common factor of 51 and j.
51
Suppose -15 = 4*i - 11. Let l be (-2 + 376/(-20))*(-4 + i). What is the highest common factor of l and 13?
13
Let f = 313 + -214. Suppose -4*b = -861 - f. Calculate the highest common divisor of b and 144.
48
Let v = -2943 + 3033. What is the greatest common factor of 12330 and v?
90
Suppose -q + 71 - 9 = 0. Suppose 27*x = -67*x + 25*x - 483. Let m = x + q. What is the highest common factor of m and 5?
5
Let a(o) = 5*o**3 - 452*o**2 + 181*o + 7. Let r be a(90). Calculate the greatest common divisor of 26869 and r.
97
Let y be 18*(3 + 30/(-9)). Let w be y*36*((-6)/(-4))/(-3). Calculate the greatest common factor of w and 12.
12
Let f = -23 + 24. Let j be f/(1/143) - (9 - 10). Suppose -x + 0 = -18. What is the highest common factor of x and j?
18
Let t be 58 - (21/((-42)/6) + -1 + -2). What is the highest common factor of t and 252?
4
Suppose -42 = 5*q - 3*b, -q - 4*b = -2*q - 22. Let g be q/2 + 3 + 150. Suppose 6*f - g = -4*f. What is the highest common divisor of 135 and f?
15
Let c = 6 - 2. Suppose -t + c = z, -12 = -3*z - t + 8. Suppose 513 = -z*l + 11*l. Calculate the greatest common divisor of l and 19.
19
Let o be 16/(-8) - 2*-4. Suppose 2*z = -4*z. Suppose z = -l - 5*l + 180. What is the highest common factor of o and l?
6
Suppose 9*q + 74472 = -45*q + 83*q. Calculate the greatest common factor of q and 168.
24
Suppose 3*o = -2*h + 211, -2*h + 109 = 2*o - 7*h. Let q = 56 - o. Let f be -1*(1 + q + 6/6). Calculate the greatest common divisor of f and 1.
1
Let c be (-34)/8 + (-8)/(-32). Let i be 570/40 + 1/c. Calculate the highest common factor of i and 14.
14
Let c = 613 + -368. Suppose 13*k - c = 8*k. Suppose -10*v = -15*v + 35. What is the highest common divisor of k and v?
7
Let t = 908 - 903. Suppose -n = t*z - 216 - 23, -237 = -5*z - 3*n. Let k be 119 + 1 - 0/3. Calculate the greatest common factor of z and k.
24
Let a(n) = -6*n - n**2 - 22 + 4*n - 13*n + 38. Let m be (-399)/27 - (-2)/(-9). Let q be a(m). Calculate the highest common divisor of 48 and q.
16
Let u(g) = 4*g**3 + 2*g + 1. Let w be u(-1). Let p(s) = 21 - 11 - 13 - 15*s + 3*s. Let o be p(w). Calculate the greatest common factor of o and 19.
19
Let b = 38 + -42. Let w be (b/(-6))/(10/(-8445)). Let o = -356 - w. Calculate the highest common factor of o and 23.
23
Suppose -25*s = -w - 28*s + 36, 5*s = 5*w - 280. Calculate the greatest common factor of w and 16473.
51
Let j be 3/((-4086)/828 - -5). Suppose -3*a = 2*b - 7*b - 1262, 0 = -4*a + b + 1660. What is the greatest common factor of a and j?
46
Let t(d) = -4367*d - 3787. Let s be t(-5). Calculate the greatest common factor of 94 and s.
94
Suppose -2*d - 88 = -2*o, -3*o + 15*d - 16*d + 112 = 0. Calculate the highest common divisor of 598 and o.
13
Let s be 40/(-6)*(-1344)/160. Let h be (-167)/(-7) - 2*(-4)/s. Calculate the highest common factor of 6 and h.
6
Suppose 3*c - 660 = -396. Calculate the highest common factor of c and 6226.
22
Let v = -34 - -26. Let r be v/(-2) - 2/6*0. Suppose 22 = -r*i + 66. What is the highest common divisor of i and 22?
11
Suppose f - 1754 = -2*r, 3*r - 33 = f - 1802. What is the greatest common divisor of f and 24?
8
Let i(g) = -2*g + 62. Let r be i(-18). Calculate the highest common divisor of r and 8.
2
Let c = 26922 + -26235. Calculate the highest common factor of c and 16946.
229
Let r = 3 + -23. Let d be 5 - (16 - 7) - r/2. Let b(p) = -p**3 + 10*p**2 + 17*p - 12. Let w be b(11). What is the highest common factor of w and d?
6
Suppose -8 - 28 = -6*r. Calculate the highest common divisor of r and 64.
2
Let r be 27 + -5 + 0 + (0 - 0). Let o(q) = q**2 + 3*q + 2. Let w be o(-2). Let f be (-4)/(-24)*3*r - w. Calculate the highest common factor of f and 99.
11
Suppose 2*l + 52 = 2*w, 4*w - l = -14 + 124. Suppose 31 = 4*s - 3*k, -s + 3*s - 4*k = w. Let n = s - 0. Calculate the greatest common divisor of 8 and n.
4
Suppose 0 = 17*x + 4*x + 10*x - 7254. Calculate the greatest common factor of 1456 and x.
26
Let j(b) be the third derivative of 145*b**4/12 + 2*b**3/3 + 44*b**2. Let m be j(1). Suppose -12*x = -330 - m. Calculate the highest common factor of x and 130.
26
Let s be 110 + (-2 - -52)*12/60. Let j(t) = 3*t**2 - t + 1. Let y be j(-2). What is the greatest common factor of y and s?
15
Let s be -42*(-5)/15 + -7. Let y be s*(-6)/(-21)*18. Let g = 45 + -18. What is the greatest common divisor of g and y?
9
Let h be 9*(-4)/4*4/(-6). Let l(d) = 2*d**2 + 4*d - 15. Let o be l(h). Let u = o + -29. Calculate the greatest common divisor of u and 26.
26
Let z(r) = r**2 - 14*r - 22. Let g be z(18). Suppose g = 5*a - n - 0*n, n = 4*a - 40. Calculate the greatest common factor of a and 80.
10
Let b = 6149 + -4587. What is the highest common factor of 142 and b?
142
Let o(c) = c**2 - 1. Let h(i) = 6*i**2 + 4*i - 7. Let d(s) = h(s) + 3*o(s). Let q be d(5). Calculate the highest common divisor of q and 94.
47
Suppose 22*f = 81*f - 1359 - 942. Suppose 4*z - 3 = 269. Suppose 5*l + 2*i = 3*i + 193, -2*l + 5*i = -z. Calculate the highest common divisor of f and l.
39
Let q = 15965 + -10733. Calculate the greatest common factor of q and 48.
48
Let q = 9635 + -9569. Calculate the greatest common divisor of q and 360.
6
Let c be 15/(-60) + 218/8. Suppose 692 = 4*j - 548. Suppose 4*v = -j + 1282. Calculate the greatest common factor of c and v.
27
Let a = 9693 - 9657. What is the greatest common divisor of a and 2547?
9
Let g(t) = -2*t**2 + 68*t - 18. Let a be g(33). Let q(f) = f**2 + 2*f + 12. Let w be q(6). What is the highest common divisor of a and w?
12
Let g be (6/9 + -1)*-339 + -1. Suppose -17*k + n = -13*k - 335, 2*n + 250 = 3*k. Calculate the highest common factor of g and k.
28
Let s = -6804 + 6860. What is the highest common divisor of 574 and s?
14
Let k be 9/(903/(-168) - 5*-1). Let p be (54/k)/((-9)/60). What is the greatest common divisor of p and 120?
15
Let n(y) = -2*y**3 + 6*y**2 - 7*y + 11. Let a be n(-6). Suppose 2*o - 4*m - a = 155, -m = 4*o - 1667. What is the greatest common factor of o and 11?
11
Sup